.
0
Let x(p) = 3*p**2 + 5*p + 10. Let v(h) = h**2 + h + 1. Let a(f) = 4*v(f) - x(f). Let m = 36 - 31. Suppose 5*z + 4*n - 4 = 1, -m*z + 3*n = -40. What is a(z)?
14
Suppose 4*q = 5*y + 40, -3*q = 2*q + y - 21. Suppose -28 = -4*m - 2*n, 3*n - 8*n - 20 = -q*m. Let i(x) = -x**3 + 7*x**2 - 6*x - 2. Calculate i(m).
-2
Let p(q) = q**2 + q - 2. Suppose 0 = -x + 13*x + 96. Let b = x + 15. Suppose -30 = b*y - 2. Determine p(y).
10
Let d = 96 + -285. Let j = 200 + d. Let n(b) = -b**2 + 12*b - 14. Calculate n(j).
-3
Let m(u) = 6*u**2 + 29*u - 3. Let g(j) = -19*j**2 - 87*j. Let v(a) = 2*g(a) + 7*m(a). Determine v(-8).
3
Let y(j) = j - 29. Suppose -15*v - 10*v + 26*v = 15. What is y(v)?
-14
Let z be (27 - 6) + (-48)/36*6. Let w(n) = n - 55. What is w(z)?
-42
Let y(i) be the first derivative of -i**2 + 3*i - 7. Let x be y(1). Let v(r) = r**2 + r - 1. Let s(u) = 4*u**2 - u - 7. Let w(c) = x*s(c) - 5*v(c). Give w(-5).
3
Suppose -5*r + 61 = 3*g + 21, 3*r = 15. Suppose d = -g*d - 12. Let c(m) be the first derivative of m**2 + 9. Give c(d).
-4
Suppose 3*y + 3*x = 7 + 17, 0 = 2*y + 4*x - 22. Let h(t) = -9*t + 16. Calculate h(y).
-29
Suppose 2*d = -43 + 53. Let o = 3 - -4. Let z(y) = -11*y + 7*y - o + 5*y. Determine z(d).
-2
Let j(f) = 6*f - 242. Let m be (2/28)/((-412)/(-213416)). What is j(m)?
-20
Let w(l) = l + 3 + 9 - 11*l**2 + 0*l**3 - l**3. Let h(s) = 11244*s - 67475. Let y be h(6). Determine w(y).
1
Let z(h) = 2*h + 7*h**2 + h**2 - 7*h**2 - h - 2*h**2 - 1. Suppose -2*t = 3*k - 0*k - 21, -4*k + 17 = -t. Give z(t).
-7
Suppose -4*d + 32 = 2*z, z + 29 = 2*d + d. Suppose -5*u = -d - 1. Let b be u - (0 + 3 - 10). Let m(w) = -w**2 + 6*w + 12. Calculate m(b).
-15
Let b(w) = -1 + 5*w + 18 - 26 + w. Let m be b(2). Let j(t) = -3*t**2 + 5*t - 2. Calculate j(m).
-14
Let u(v) be the first derivative of -3*v**2/2 - 5*v + 1843. Give u(-12).
31
Let r(m) = 23*m**2 + 31. Let x(q) = -37*q**2 - 47. Let k(u) = 8*r(u) + 5*x(u). Suppose 0 - 4 = g, -5*w - 2*g = 8. What is k(w)?
13
Let q(x) be the second derivative of 0 + 1/3*x**3 - 5/12*x**4 + 36*x - 1/2*x**2. What is q(1)?
-4
Let w(r) = -18*r**2 + 90*r - 1. Let y be w(3). Suppose -32*m = -y - 53. Let x(k) = k + 2. Calculate x(m).
7
Suppose -302*m + 297*m + 35 = 0. Let o(b) = 11*b**2 + m*b - 23*b**3 - 11*b**3 + 35*b**3 + 13. Calculate o(-10).
43
Let l(w) = 13*w**3 + 2. Let b(g) = 19*g**3 + 3. Let u be (-1 + 3)*28/8. Let a(h) = u*l(h) - 5*b(h). Give a(1).
-5
Suppose 23*p + 1 + 17 = -5. Let l(s) = 15*s + 27. What is l(p)?
12
Suppose -2 + 7 = -y. Let g(u) = u**2 + 3 + 303418*u - 2 - 303413*u. Calculate g(y).
1
Let i(j) = -2*j - 13. Let q = -3592 - -3585. What is i(q)?
1
Suppose 255 = -5*w - 255. Let k = w + 103. Let x(b) = -43*b**3 + 2*b - 11. Let v(g) = 21*g**3 - g + 5. Let d(a) = 9*v(a) + 4*x(a). Calculate d(k).
17
Let f(c) = c**3 - 10*c**2 - 40*c + 15. Let i = -1557 - -1570. What is f(i)?
2
Suppose f - 3*o + 5 = 0, 3*o - o = 2*f + 6. Let i(w) = -37*w + 10. Let q = 110 - 99. Let a(y) = 7*y - 2. Let m(p) = q*a(p) + 2*i(p). Calculate m(f).
-8
Let a(t) = -9*t**3 - 3*t**2 + 2*t**3 - t - 1 + 2*t**2. Let v be (-74)/(-6) - (4/(-1))/(-12). Suppose -v = 5*j + 2*r + 3, -4*j + 1 = -r. Give a(j).
6
Let w(u) = -53*u + 138. Let b(q) = 104*q - 250. Let d(f) = -4*b(f) - 9*w(f). Determine d(4).
2
Suppose 9*k = 692 - 638. Let u(h) = -15*h + 3. What is u(k)?
-87
Suppose -h + 2*b = 18, 0 = -4*b - 0*b + 20. Let x(u) be the second derivative of u**5/20 + 2*u**4/3 - u**3/2 - 4*u**2 + 2578*u. Determine x(h).
16
Let g(i) = -33*i**2 + 17 - 37*i + 15*i - 8 + 71*i**2 - 37*i**2. Calculate g(22).
9
Suppose -x + 11 = 3*n, 7*x = 3*n + 2*x + 19. Let f(i) = 1152*i**2 - 579*i**2 + i**3 - 578*i**2 - 5*i - n*i. Give f(6).
-6
Let l(p) = 12*p + 13. Let r(a) = -215*a - 231. Let v(d) = 18*l(d) + r(d). Let i = -6 - -4. What is v(i)?
1
Let l(p) = 3*p + 4. Let m be 14/(-4)*(-138)/161. Let y(j) = -5*j - 3. Let c(v) = m*l(v) + 2*y(v). Calculate c(5).
1
Let t(r) = -177*r - 2836. Let z be t(-16). Let x(a) = -2*a**3 - 3*a**2 + 10*a + 6. Determine x(z).
46
Let h(a) = a**3 + 5*a**2 + 8*a + 18. Let d be h(-4). Suppose 3*x - 14 = -2*k, -2*k + d*x - 12 = -6. Let m(b) = 2*b. Determine m(k).
2
Let n(x) = -x**2 - 14*x + 4. Let f(y) = -4*y**3 - y**2 - 6*y - 6. Let s be f(-1). Suppose -5*d - 70 = -z, s*d - z - 4*z = -64. Give n(d).
17
Let g be (-40)/60 - (-411)/9. Suppose 5*v = -3*s - g, 0 = -s - 5 - 0. Let k(p) = -4*p - 7. Determine k(v).
17
Let o(v) = -5121*v**2 + v**3 - 5121*v**2 + 15359*v**2 + 4*v - 5123*v**2. Let g = 2 - -1. What is o(g)?
-15
Let u(m) = -3*m - 2*m**3 - 85*m**2 - 43 + 15 + 67*m**2. Give u(-9).
-1
Let g(v) = v - 18. Suppose -11 = -24*k + 205. Let f be ((-7)/(-3))/((-5)/(-75)). Suppose -k*t + f = -46. Give g(t).
-9
Let n(x) = -x**3 + 10*x**2 - 7*x - 12. Let h be n(9). Let w(q) = 9*q - 28. Let o(g) = -5*g + 15. Let i(m) = h*w(m) + 11*o(m). Determine i(-13).
10
Let j(r) = 719*r - 81 - 607*r - 35. Give j(1).
-4
Let k(i) = 2*i + 4. Let d be (-3 - 4/12)*72/10. Let b = 30 + d. Let n = 3 - b. Determine k(n).
-2
Suppose 0 = 11*r - 293 - 103. Let q(a) = -a**3 + 36*a**2 + 2. Give q(r).
2
Let m be (-10)/(-30) + (65/3)/(-5). Let u(s) = 6*s + 28. Let n be u(m). Let p(q) = n + 5*q - 2 + 3*q - 1. Give p(-1).
-7
Let p(q) = -29*q**2 - 3*q + 10. Let f(g) = 16*g**2 + 2*g - 6. Let u(b) = 5*f(b) + 3*p(b). Let k(l) = -l**3 + 2*l**2 - 2*l + 1. Let z be k(0). Calculate u(z).
-6
Let n be (-24)/36 - (-112)/(-3). Let k = -44 - n. Let f(x) = -1 + 0 - 5 - 2*x. Determine f(k).
6
Let y(g) be the first derivative of -g**4/24 + 11*g**3/6 + 205*g**2/2 - 162. Let v(b) be the second derivative of y(b). Calculate v(-9).
20
Let v(d) = -2*d**2 - 11*d + 34. Let n = -1190 + 1180. Determine v(n).
-56
Let d(g) be the third derivative of -4*g**2 + 1/6*g**3 + 9 + 1/60*g**5 + 0*g + 1/6*g**4. Suppose -15 = 3*v + j, 3*v + 2*v + 4*j + 32 = 0. Determine d(v).
1
Let t(f) = 3*f**2 + 12*f + 16. Let u(b) = b**2 + 4*b + 5. Let s be 4 - (-2 + 8) - (-1 - 3). Let o(j) = s*t(j) - 7*u(j). Determine o(-2).
1
Suppose -5*n = -8*n - 3. Let b(y) be the first derivative of -y**2/2 + 202. Give b(n).
1
Let u(q) be the third derivative of -q**5/20 + 3*q**4/8 - 5*q**3/6 - q**2 + 528*q + 1. Give u(5).
-35
Let z(n) = 3*n**2 - 7*n + 1. Let q(s) = 3*s**2 - 6*s. Let a(b) = -5*q(b) + 4*z(b). Let g(h) = 2*h**2 + 100*h - 924. Let v be g(8). Calculate a(v).
-36
Let f(s) = 8*s**3 + 5*s**2 - 19*s + 9. Let z(x) = 15*x**3 + 9*x**2 - 36*x + 16. Let b(v) = 11*f(v) - 6*z(v). Determine b(-2).
9
Let m(t) be the first derivative of t**4/4 + t**3 - 2*t**2 - 5*t + 360. What is m(-5)?
-35
Suppose 225 = 4*g + 669. Let v = 119 + g. Suppose -2*o + v = -q, -2*q = -0*o + 3*o - 26. Let k(s) = -s + 5. Give k(o).
-1
Let u(w) = -5*w**3 - 2*w**2 + w. Let s be ((-41)/(6027/(-126)))/((-6)/(-28)). Let f = 0 - 0. Suppose -2*y - 2*y + s = f. Calculate u(y).
-6
Let l(q) = -7*q**2 + 17*q + 25. Let j(v) = 2*v**2 - 2*v - 1. Let d(n) = 4*j(n) + l(n). What is d(-9)?
21
Let z(m) be the third derivative of -m**6/120 - 3*m**5/20 + 5*m**4/24 + 22*m**3/3 - 48*m**2 - 23. Give z(-9).
-1
Let l(j) be the third derivative of -j**5/60 + 5*j**4/12 + 366*j**2 + 2. Calculate l(9).
9
Let n(m) be the first derivative of m**4/4 + 2*m**3/3 - m**2/2 + 2*m - 2401. Calculate n(-3).
-4
Let g(n) = 671*n**3 - 228*n**3 + 16*n**2 + 23*n - 222*n**3 - 10 - 220*n**3. Determine g(-14).
60
Let o(q) = -16 + 10*q + 229 + q**2 - 264. Determine o(-13).
-12
Suppose 0 = 6*o + 26 + 16. Let a = -4 - o. Suppose 2*s + 6 = 4*s, -a*s - 3 = -3*i. Let t(m) = m**2 - 3*m + 2. Calculate t(i).
6
Let m(k) = 5*k - 1. Let b = -14 + 34. Suppose 0 = -5*d - 45 + b. Let n be -5 - d - (0 - (-6)/(-2)). Determine m(n).
14
Let h(a) be the first derivative of -a**3/3 - 2*a**2 - 51*a - 3123. Give h(-7).
-72
Let t(y) be the third derivative of -70*y**2 + 0*y + 5/2*y**3 + 0 - 1/24*y**4. Determine t(8).
7
Let q(m) = 60*m + 6. Let n = -11352 - -11351. Calculate q(n).
-54
Let v(g) = -3*g**2. Let j(p) = 9*p**2 - 5*p - 3. Let q(o) = -j(o) - 4*v(o). Let i(u) = -7*u**2 - 14*u - 9. Let n(m) = -3*i(m) - 8*q(m). Calculate n(-2).
-13
Let t(i) = -3*i**3 - 31*i**2 + 61*i + 80. Let v(d) = -2*d**3 - 21*d**2 + 41*d + 55. Let h(j) = -5*t(j) + 7*v(j). What is h(-10)?
-35
Let z(o) = o. Let s be z(4). Let d(x) = s + 0 + 2*x - 4*x + 4*x. Let a be (-18)/42*(-14)/